n divisor of 6171 and 1215687?
6171
Calculate the highest common factor of 2196 and 31859019.
549
What is the highest common divisor of 2035 and 377474?
37
What is the highest common divisor of 20 and 30422060?
20
Calculate the greatest common factor of 48 and 389458720.
16
Calculate the highest common divisor of 263039 and 2385.
53
Calculate the highest common divisor of 65843131 and 157.
157
Calculate the greatest common divisor of 4343 and 79937.
43
Calculate the highest common divisor of 250880 and 68608.
1024
What is the highest common divisor of 5451051 and 6?
3
Calculate the greatest common divisor of 5034 and 1386028.
1678
What is the highest common divisor of 1539783 and 81?
27
What is the greatest common factor of 2200 and 4203400?
200
Calculate the greatest common factor of 41465964 and 6072.
276
What is the greatest common factor of 144276755 and 38360?
4795
Calculate the greatest common divisor of 2295571 and 9784.
1223
What is the greatest common divisor of 109500 and 1022?
146
Calculate the greatest common factor of 9625000 and 381150.
3850
Calculate the highest common factor of 243024 and 4301232.
2928
What is the greatest common divisor of 42536205 and 6?
3
Calculate the greatest common factor of 743586 and 5868.
6
Calculate the highest common divisor of 6006 and 107318211.
3003
Calculate the greatest common divisor of 98166325 and 993.
331
What is the highest common factor of 5847958 and 29257?
1721
Calculate the greatest common divisor of 12176497 and 33431.
331
Calculate the greatest common divisor of 5530153 and 899635.
1487
What is the highest common divisor of 52 and 210337868?
52
What is the greatest common factor of 7 and 766648?
1
What is the greatest common divisor of 6902570 and 15515?
535
What is the highest common divisor of 6012 and 2696048?
668
What is the greatest common divisor of 152 and 143947268?
76
What is the greatest common factor of 4205289 and 1444?
361
What is the highest common factor of 144 and 634716?
36
Calculate the highest common divisor of 65096 and 261311.
103
Calculate the highest common divisor of 605964 and 39.
3
Calculate the greatest common factor of 3519494 and 275.
11
What is the highest common divisor of 14262 and 182986214?
4754
Calculate the greatest common divisor of 519274745 and 17655.
5885
What is the greatest common divisor of 458420833 and 26?
13
What is the highest common divisor of 1157 and 265794139?
1157
Calculate the highest common divisor of 23837 and 5742.
11
What is the greatest common divisor of 175959 and 240639?
147
Calculate the highest common factor of 1420 and 251900.
20
Calculate the highest common divisor of 1440 and 2874160.
80
What is the greatest common divisor of 443211 and 33?
3
Calculate the greatest common factor of 44295546 and 139046.
3758
Calculate the greatest common divisor of 83350175 and 50.
25
Calculate the highest common factor of 79357481 and 497.
497
Calculate the greatest common factor of 316 and 1670771.
79
What is the greatest common divisor of 18101324 and 13128?
2188
Calculate the greatest common factor of 271835125 and 29000.
3625
What is the greatest common factor of 1379 and 351335119?
197
Calculate the highest common factor of 51423 and 169443.
843
What is the greatest common factor of 485087 and 8131?
47
Calculate the highest common divisor of 3831740 and 3740.
220
What is the greatest common divisor of 119246 and 53606?
1094
What is the highest common factor of 10330434 and 5842?
254
What is the highest common factor of 685 and 19473865?
685
Calculate the greatest common factor of 101694 and 650454.
102
What is the greatest common divisor of 4601 and 16531049?
43
What is the greatest common divisor of 6660 and 44638650?
3330
Calculate the greatest common factor of 2322 and 159983220.
258
Calculate the greatest common factor of 314 and 37539485.
157
Calculate the highest common factor of 17395 and 136175515.
2485
What is the greatest common divisor of 12669283 and 88?
11
Calculate the highest common factor of 164187 and 29919.
3
What is the greatest common factor of 273 and 135354072?
21
Calculate the greatest common divisor of 2756 and 481676.
52
What is the greatest common factor of 137 and 44035499?
137
What is the greatest common factor of 10746 and 147456?
18
Calculate the highest common factor of 2174 and 36100357.
1087
Calculate the greatest common factor of 1664556 and 20128.
148
What is the highest common factor of 9796 and 53?
1
What is the highest common divisor of 177762 and 19875?
159
What is the greatest common divisor of 16 and 56015264?
16
What is the greatest common divisor of 587 and 28876291?
587
Calculate the greatest common factor of 809 and 44020117.
809
What is the greatest common factor of 129583 and 25654?
101
Calculate the highest common factor of 16375794 and 887.
887
What is the greatest common divisor of 3480 and 51794?
58
What is the highest common factor of 97 and 531277924?
97
What is the greatest common divisor of 1308 and 26737488?
12
What is the highest common divisor of 3295 and 771108421?
659
Calculate the greatest common divisor of 8950697 and 21.
7
Calculate the highest common factor of 727936 and 59104.
32
What is the greatest common factor of 1620 and 32950?
10
Calculate the greatest common divisor of 1308207 and 487635.
3363
Calculate the greatest common factor of 2716 and 12108607.
679
What is the greatest common divisor of 496 and 46820912?
496
What is the greatest common factor of 230480 and 1111980?
860
Calculate the highest common factor of 330 and 249670.
10
What is the greatest common factor of 24961760 and 160?
160
What is the greatest common divisor of 14940 and 250660?
1660
What is the highest common factor of 51261705 and 58?
29
What is the greatest common divisor of 1503631 and 33439?
281
Calculate the greatest common factor of 550547 and 140925.
1879
Calculate the highest common divisor of 18921056 and 9702.
1078
Calculate the highest common divisor of 7785 and 13067955.
45
Calculate the highest common factor of 269 and 33181150.
269
Calculate the greatest common factor of 53590 and 37228973.
5359
What is the greatest common factor of 63921 and 103818?
429
What is the highest common divisor of 120091675 and 3100?
775
What is the highest common divisor of 3712 and 574606?
58
Calculate the highest common factor of 38144 and 725034.
298
What is the highest common divisor of 3221930 and 370?
10
Calculate the highest common factor of 776 and 68396.
4
What is the greatest common factor of 5248570 and 4610?
10
Calculate the highest common divisor of 1311724 and 71928.
148
Calculate the greatest common divisor of 33341346 and 161226.
954
What is the greatest common divisor of 274791 and 10527?
363
Calculate the highest common divisor of 31275 and 25500.
75
Calculate the highest common divisor of 290 and 112352960.
290
Calculate the greatest common factor of 1190096748 and 3144.
1572
What is the greatest common divisor of 799 and 16189949?
47
What is the greatest common factor of 4055125 and 250?
125
What is the highest common factor of 18 and 2465874?
18
Calculate the highest common divisor of 2 and 4559649.
1
Calculate the highest common factor of 7685368 and 984.
328
Calculate the greatest common divisor of 49579206 and 1977.
1977
Calculate the greatest common factor of 21965202 and 378.
378
Calculate the greatest common divisor of 21 and 56230188.
21
Calculate the highest common factor of 5622 and 125852218.
1874
What is the greatest common divisor of 30684417 and 3?
3
What is the highest common divisor of 2030 and 399529984?
406
Calculate the greatest common factor of 29757 and 118739586.
2289
Calculate the greatest common divisor of 14456 and 98744.
8
What is the greatest common divisor of 46164550 and 885?
295
What is the greatest common factor of 696895 and 498020?
185
What is the greatest common divisor of 8213722 and 3146?
242
What is the greatest common divisor of 1926477 and 21?
21
What is the greatest common factor of 756010 and 4255?
115
What is the highest common divisor of 67424 and 60466?
98
What is the greatest common divisor of 139890792 and 24?
24
Calculate the highest common divisor of 48456 and 139032.
72
What is the greatest common factor of 1685476 and 923?
13
